{"id":3289,"date":"2022-03-03T20:52:40","date_gmt":"2022-03-03T19:52:40","guid":{"rendered":"https:\/\/gr10.org\/?page_id=3289"},"modified":"2025-07-19T16:06:34","modified_gmt":"2025-07-19T14:06:34","slug":"la-reglementation-des-reserves-naturelles-des-pyrenees","status":"publish","type":"page","link":"https:\/\/gr10.org\/index.php\/la-reglementation-des-reserves-naturelles-des-pyrenees\/","title":{"rendered":"La r\u00e9glementation des r\u00e9serves naturelles des Pyr\u00e9n\u00e9es"},"content":{"rendered":"\t\t<div data-elementor-type=\"wp-page\" data-elementor-id=\"3289\" class=\"elementor elementor-3289\" data-elementor-post-type=\"page\">\n\t\t\t\t\t\t<section class=\"elementor-section elementor-top-section elementor-element elementor-element-eb8a54d elementor-section-boxed elementor-section-height-default elementor-section-height-default\" data-id=\"eb8a54d\" data-element_type=\"section\" data-e-type=\"section\" data-settings=\"{&quot;background_background&quot;:&quot;classic&quot;}\">\n\t\t\t\t\t\t<div class=\"elementor-container elementor-column-gap-default\">\n\t\t\t\t\t<div class=\"elementor-column elementor-col-100 elementor-top-column elementor-element elementor-element-9f08cff\" data-id=\"9f08cff\" data-element_type=\"column\" data-e-type=\"column\" data-settings=\"{&quot;background_background&quot;:&quot;classic&quot;}\">\n\t\t\t<div class=\"elementor-widget-wrap elementor-element-populated\">\n\t\t\t\t\t\t<section class=\"elementor-section elementor-inner-section elementor-element elementor-element-95144bc elementor-section-full_width elementor-section-content-middle elementor-section-height-default elementor-section-height-default\" data-id=\"95144bc\" data-element_type=\"section\" data-e-type=\"section\">\n\t\t\t\t\t\t<div class=\"elementor-container elementor-column-gap-default\">\n\t\t\t\t\t<div class=\"elementor-column elementor-col-50 elementor-inner-column elementor-element elementor-element-963da73\" data-id=\"963da73\" data-element_type=\"column\" data-e-type=\"column\">\n\t\t\t<div class=\"elementor-widget-wrap elementor-element-populated\">\n\t\t\t\t\t\t<div class=\"elementor-element elementor-element-c067878 elementor-widget elementor-widget-image\" data-id=\"c067878\" data-element_type=\"widget\" data-e-type=\"widget\" data-widget_type=\"image.default\">\n\t\t\t\t<div class=\"elementor-widget-container\">\n\t\t\t\t\t\t\t\t\t\t\t\t\t\t\t<img fetchpriority=\"high\" decoding=\"async\" width=\"406\" height=\"513\" src=\"https:\/\/gr10.org\/wp-content\/uploads\/2022\/03\/Reglement-Parc-National-des-Pyrenees.jpg\" class=\"attachment-large size-large wp-image-3292\" alt=\"La r\u00e9glementation du Parc National des Pyr\u00e9n\u00e9es\" srcset=\"https:\/\/gr10.org\/wp-content\/uploads\/2022\/03\/Reglement-Parc-National-des-Pyrenees.jpg 406w, https:\/\/gr10.org\/wp-content\/uploads\/2022\/03\/Reglement-Parc-National-des-Pyrenees-237x300.jpg 237w\" sizes=\"(max-width: 406px) 100vw, 406px\" \/>\t\t\t\t\t\t\t\t\t\t\t\t\t\t\t<\/div>\n\t\t\t\t<\/div>\n\t\t\t\t\t<\/div>\n\t\t<\/div>\n\t\t\t\t<div class=\"elementor-column elementor-col-50 elementor-inner-column elementor-element elementor-element-f2e89f4\" data-id=\"f2e89f4\" data-element_type=\"column\" data-e-type=\"column\">\n\t\t\t<div class=\"elementor-widget-wrap elementor-element-populated\">\n\t\t\t\t\t\t<div class=\"elementor-element elementor-element-970e414 elementor-widget elementor-widget-heading\" data-id=\"970e414\" data-element_type=\"widget\" data-e-type=\"widget\" data-widget_type=\"heading.default\">\n\t\t\t\t<div class=\"elementor-widget-container\">\n\t\t\t\t\t<h2 class=\"elementor-heading-title elementor-size-default\">La r\u00e9glementation des r\u00e9serves naturelles des Pyr\u00e9n\u00e9es\n\n<\/h2>\t\t\t\t<\/div>\n\t\t\t\t<\/div>\n\t\t\t\t<div class=\"elementor-element elementor-element-4818a7d elementor-widget elementor-widget-heading\" data-id=\"4818a7d\" data-element_type=\"widget\" data-e-type=\"widget\" data-widget_type=\"heading.default\">\n\t\t\t\t<div class=\"elementor-widget-container\">\n\t\t\t\t\t<h2 class=\"elementor-heading-title elementor-size-default\">Parc national, r\u00e9serves du N\u00e9ouvielle, de  Nyer et de Mantet<\/h2>\t\t\t\t<\/div>\n\t\t\t\t<\/div>\n\t\t\t\t<div class=\"elementor-element elementor-element-e89d47e elementor-widget elementor-widget-text-editor\" data-id=\"e89d47e\" data-element_type=\"widget\" data-e-type=\"widget\" data-widget_type=\"text-editor.default\">\n\t\t\t\t<div class=\"elementor-widget-container\">\n\t\t\t\t\t\t\t\t\t<p>Le GR10 traverse 4 r\u00e9serves naturelles : le <a href=\"http:\/\/www.pyrenees-parcnational.fr\/fr\" target=\"_blank\" rel=\"noopener\">Parc National des Pyr\u00e9n\u00e9es,<\/a> la r\u00e9serve naturelle du N\u00e9ouvielle, de Nyer et celle de Mantet.\u00a0<br \/><br \/>Nous vous invitons \u00e0 consulter <a href=\"https:\/\/gr10.org\/index.php\/les-reserves-naturelles-traversees-par-le-gr10\/\" target=\"_blank\" rel=\"noopener\">le dossier de pr\u00e9paration des r\u00e9serves naturelles travers\u00e9es par le GR10<\/a> afin de bien les identifier, les localiser et les comprendre.<br \/><br \/>Si vous \u00eates un GRdiste accompagn\u00e9 de votre toutou, vous pouvez \u00e9viter les restrictions en contournant les r\u00e9serves naturelles. Nous vous invitons \u00e0 consulter <a href=\"https:\/\/gr10.org\/index.php\/le-gr10-avec-un-chien-possible-ou-pas\/\" target=\"_blank\" rel=\"noopener\">le dossier de pr\u00e9paration portant sur le GR10 avec un chien<\/a>.<br \/><br \/>Si vous ne voyagez pas avec un animal de compagnie, nous vous encourageons \u00e0 respecter la r\u00e9glementation en vigueur.<\/p>\t\t\t\t\t\t\t\t<\/div>\n\t\t\t\t<\/div>\n\t\t\t\t\t<\/div>\n\t\t<\/div>\n\t\t\t\t\t<\/div>\n\t\t<\/section>\n\t\t\t\t<section class=\"elementor-section elementor-inner-section elementor-element elementor-element-f79861c elementor-section-full_width elementor-section-content-middle elementor-section-height-default elementor-section-height-default\" data-id=\"f79861c\" data-element_type=\"section\" data-e-type=\"section\">\n\t\t\t\t\t\t<div class=\"elementor-container elementor-column-gap-default\">\n\t\t\t\t\t<div class=\"elementor-column elementor-col-50 elementor-inner-column elementor-element elementor-element-f25d97b elementor-hidden-mobile\" data-id=\"f25d97b\" data-element_type=\"column\" data-e-type=\"column\">\n\t\t\t<div class=\"elementor-widget-wrap\">\n\t\t\t\t\t\t\t<\/div>\n\t\t<\/div>\n\t\t\t\t<div class=\"elementor-column elementor-col-50 elementor-inner-column elementor-element elementor-element-3c87067\" data-id=\"3c87067\" data-element_type=\"column\" data-e-type=\"column\">\n\t\t\t<div class=\"elementor-widget-wrap elementor-element-populated\">\n\t\t\t\t\t\t<div class=\"elementor-element elementor-element-3aa369e elementor-widget elementor-widget-heading\" data-id=\"3aa369e\" data-element_type=\"widget\" data-e-type=\"widget\" data-widget_type=\"heading.default\">\n\t\t\t\t<div class=\"elementor-widget-container\">\n\t\t\t\t\t<h3 class=\"elementor-heading-title elementor-size-default\">Quelle r\u00e9glementation?\n\n<\/h3>\t\t\t\t<\/div>\n\t\t\t\t<\/div>\n\t\t\t\t<div class=\"elementor-element elementor-element-cf820d9 elementor-widget elementor-widget-text-editor\" data-id=\"cf820d9\" data-element_type=\"widget\" data-e-type=\"widget\" data-widget_type=\"text-editor.default\">\n\t\t\t\t<div class=\"elementor-widget-container\">\n\t\t\t\t\t\t\t\t\t<ol><li><span class=\"styledescriptifetape\">Cueillette interdite. Les animaux, les plantes, les min\u00e9raux et fossiles appartiennent au paysage.<\/span><\/li><li>Les armes sont prohib\u00e9es. Ici tous les animaux sont prot\u00e9g\u00e9s.<\/li><li>Le feu est strictement interdit afin d&rsquo;\u00e9viter les incendies et les d\u00e9gradations du sol.<\/li><li>Le camping ou le stationnement de camping car pendant la nuit sont interdits afin de pr\u00e9server la beaut\u00e9 des sites et \u00e9viter les pollutions.<\/li><li>Le bivouac est r\u00e9glement\u00e9. Il est autoris\u00e9 \u00e0 plus d\u2019une heure de marche des limites du parc ou d\u2019un acc\u00e8s routier et ce entre 19h et 9h.<\/li><li>Le bruit est proscrit pour ne pas d\u00e9ranger la qui\u00e9tude des lieux.<\/li><li>Le survol non motoris\u00e9 est r\u00e9glement\u00e9.<\/li><li>L\u2019utilisation de v\u00e9hicules 4 x 4 tout comme la pratique du moto-trial sont interdites dans le parc national.<\/li><li>Le V.T.T est \u00e9galement interdit en dehors des pistes autoris\u00e9es ; pistes de ski de fond du Brousset (vall\u00e9e d\u2019Ossau) et du Somport (vall\u00e9e d\u2019Aspe).<\/li><li>Pr\u00e9voyez d\u2019amener avec vous des sacs poubelles pour redescendre vos d\u00e9chets afin de garder le parc national propre pour tous.<\/li><li>Les chiens ne sont pas admis dans le parc national et ce, m\u00eame tenus en laisse. Evitez d\u2019amener avec vous votre animal ou pr\u00e9voyez de le faire garder pendant vos randonn\u00e9es,<\/li><\/ol>\t\t\t\t\t\t\t\t<\/div>\n\t\t\t\t<\/div>\n\t\t\t\t\t<\/div>\n\t\t<\/div>\n\t\t\t\t\t<\/div>\n\t\t<\/section>\n\t\t\t\t<section class=\"elementor-section elementor-inner-section elementor-element elementor-element-a38d77b elementor-section-full_width elementor-section-content-middle elementor-section-height-default elementor-section-height-default\" data-id=\"a38d77b\" data-element_type=\"section\" data-e-type=\"section\">\n\t\t\t\t\t\t<div class=\"elementor-container elementor-column-gap-default\">\n\t\t\t\t\t<div class=\"elementor-column elementor-col-50 elementor-inner-column elementor-element elementor-element-b8b03eb elementor-hidden-mobile\" data-id=\"b8b03eb\" data-element_type=\"column\" data-e-type=\"column\">\n\t\t\t<div class=\"elementor-widget-wrap\">\n\t\t\t\t\t\t\t<\/div>\n\t\t<\/div>\n\t\t\t\t<div class=\"elementor-column elementor-col-50 elementor-inner-column elementor-element elementor-element-1fe6a60\" data-id=\"1fe6a60\" data-element_type=\"column\" data-e-type=\"column\">\n\t\t\t<div class=\"elementor-widget-wrap elementor-element-populated\">\n\t\t\t\t\t\t<div class=\"elementor-element elementor-element-9993687 elementor-widget elementor-widget-heading\" data-id=\"9993687\" data-element_type=\"widget\" data-e-type=\"widget\" data-widget_type=\"heading.default\">\n\t\t\t\t<div class=\"elementor-widget-container\">\n\t\t\t\t\t<h3 class=\"elementor-heading-title elementor-size-default\">Quels impacts pour le GRdiste?\n\n\n<\/h3>\t\t\t\t<\/div>\n\t\t\t\t<\/div>\n\t\t\t\t<div class=\"elementor-element elementor-element-4888fb9 elementor-widget elementor-widget-text-editor\" data-id=\"4888fb9\" data-element_type=\"widget\" data-e-type=\"widget\" data-widget_type=\"text-editor.default\">\n\t\t\t\t<div class=\"elementor-widget-container\">\n\t\t\t\t\t\t\t\t\t<p>Si le GRdiste ne cueille pas, ne ramasse pas de pierres et\/ou fossiles, n&rsquo;est pas arm\u00e9, ne fait pas de bruit, laisse son VTT au garage et ne jette pas ses d\u00e9chets en pleine nature, il doit respecter les r\u00e8gles compl\u00e9mentaires suivantes :<br \/><br \/>1 \/ Il ne peut pas installer le bivouac avant 19h et doit le d\u00e9monter apr\u00e8s 9h.<br \/><br \/>2\/ Il doit placer sa tente \u00e0 plus d&rsquo;une heure de marche d&rsquo;une route et\/ou des limites du parc.<br \/><br \/>3\/ Il est strictement interdit de faire un feu de camp au bivouac.<br \/><br \/>4\/ Les chiens (m\u00eame tenus en laisse) sont interdits dans les r\u00e9serves naturelles.<\/p>\t\t\t\t\t\t\t\t<\/div>\n\t\t\t\t<\/div>\n\t\t\t\t\t<\/div>\n\t\t<\/div>\n\t\t\t\t\t<\/div>\n\t\t<\/section>\n\t\t\t\t<section class=\"elementor-section elementor-inner-section elementor-element elementor-element-0a38e26 elementor-section-full_width elementor-section-content-middle elementor-section-height-default elementor-section-height-default\" data-id=\"0a38e26\" data-element_type=\"section\" data-e-type=\"section\">\n\t\t\t\t\t\t<div class=\"elementor-container elementor-column-gap-default\">\n\t\t\t\t\t<div class=\"elementor-column elementor-col-50 elementor-inner-column elementor-element elementor-element-165d1ee elementor-hidden-mobile\" data-id=\"165d1ee\" data-element_type=\"column\" data-e-type=\"column\">\n\t\t\t<div class=\"elementor-widget-wrap\">\n\t\t\t\t\t\t\t<\/div>\n\t\t<\/div>\n\t\t\t\t<div class=\"elementor-column elementor-col-50 elementor-inner-column elementor-element elementor-element-94e3471\" data-id=\"94e3471\" data-element_type=\"column\" data-e-type=\"column\">\n\t\t\t<div class=\"elementor-widget-wrap elementor-element-populated\">\n\t\t\t\t\t\t<div class=\"elementor-element elementor-element-d8ca4eb elementor-align-center elementor-widget__width-auto elementor-widget elementor-widget-button\" data-id=\"d8ca4eb\" data-element_type=\"widget\" data-e-type=\"widget\" data-widget_type=\"button.default\">\n\t\t\t\t<div class=\"elementor-widget-container\">\n\t\t\t\t\t\t\t\t\t<div class=\"elementor-button-wrapper\">\n\t\t\t\t\t<a class=\"elementor-button elementor-button-link elementor-size-xs\" href=\"https:\/\/gr10.org\/index.php\/portail-des-dossiers-de-preparation-au-gr10\/\">\n\t\t\t\t\t\t<span class=\"elementor-button-content-wrapper\">\n\t\t\t\t\t\t\t\t\t<span class=\"elementor-button-text\">Retour au portail des dossiers de pr\u00e9paration<\/span>\n\t\t\t\t\t<\/span>\n\t\t\t\t\t<\/a>\n\t\t\t\t<\/div>\n\t\t\t\t\t\t\t\t<\/div>\n\t\t\t\t<\/div>\n\t\t\t\t\t<\/div>\n\t\t<\/div>\n\t\t\t\t\t<\/div>\n\t\t<\/section>\n\t\t\t\t<section class=\"elementor-section elementor-inner-section elementor-element elementor-element-614e908 elementor-section-boxed elementor-section-height-default elementor-section-height-default\" data-id=\"614e908\" data-element_type=\"section\" data-e-type=\"section\">\n\t\t\t\t\t\t<div class=\"elementor-container elementor-column-gap-default\">\n\t\t\t\t\t<div class=\"elementor-column elementor-col-100 elementor-inner-column elementor-element elementor-element-417f018\" data-id=\"417f018\" data-element_type=\"column\" data-e-type=\"column\">\n\t\t\t<div class=\"elementor-widget-wrap elementor-element-populated\">\n\t\t\t\t\t\t<div class=\"elementor-element elementor-element-edc0499 elementor-position-inline-start elementor-widget__width-inherit elementor-view-default elementor-mobile-position-block-start elementor-widget elementor-widget-icon-box\" data-id=\"edc0499\" data-element_type=\"widget\" data-e-type=\"widget\" data-widget_type=\"icon-box.default\">\n\t\t\t\t<div class=\"elementor-widget-container\">\n\t\t\t\t\t\t\t<div class=\"elementor-icon-box-wrapper\">\n\n\t\t\t\t\t\t<div class=\"elementor-icon-box-icon\">\n\t\t\t\t<span  class=\"elementor-icon\">\n\t\t\t\t<i aria-hidden=\"true\" class=\"fas fa-info-circle\"><\/i>\t\t\t\t<\/span>\n\t\t\t<\/div>\n\t\t\t\n\t\t\t\t\t\t<div class=\"elementor-icon-box-content\">\n\n\t\t\t\t\n\t\t\t\t\t\t\t\t\t<p class=\"elementor-icon-box-description\">\n\t\t\t\t\t\tPoint info\t\t\t\t\t<\/p>\n\t\t\t\t\n\t\t\t<\/div>\n\t\t\t\n\t\t<\/div>\n\t\t\t\t\t\t<\/div>\n\t\t\t\t<\/div>\n\t\t\t\t<div class=\"elementor-element elementor-element-1dabb76 elementor-widget elementor-widget-text-editor\" data-id=\"1dabb76\" data-element_type=\"widget\" data-e-type=\"widget\" data-widget_type=\"text-editor.default\">\n\t\t\t\t<div class=\"elementor-widget-container\">\n\t\t\t\t\t\t\t\t\tPour toutes questions relatives aux dossiers de pr\u00e9paration, n&rsquo;h\u00e9sitez-pas \u00e0 contacter :\n<br>\nEric CHAIGNEAU\n<br>\nanimateur b\u00e9n\u00e9vole des Amis GRdistes.\n<br>\n<a href=\"mailto:assogr10@gmail.com\" target=\"_blank\" rel=\"noopener\">assogr10@gmail.com<\/a>\n<br>\ntel 06 83 61 48 49\t\t\t\t\t\t\t\t<\/div>\n\t\t\t\t<\/div>\n\t\t\t\t\t<\/div>\n\t\t<\/div>\n\t\t\t\t\t<\/div>\n\t\t<\/section>\n\t\t\t\t\t<\/div>\n\t\t<\/div>\n\t\t\t\t\t<\/div>\n\t\t<\/section>\n\t\t\t\t<\/div>\n\t\t","protected":false},"excerpt":{"rendered":"<p>La r\u00e9glementation des r\u00e9serves naturelles des Pyr\u00e9n\u00e9es Parc national, r\u00e9serves du N\u00e9ouvielle, de Nyer et de Mantet Le GR10 traverse 4 r\u00e9serves naturelles : le Parc National des Pyr\u00e9n\u00e9es, la r\u00e9serve naturelle du N\u00e9ouvielle, de Nyer et celle de Mantet.\u00a0 Nous vous invitons \u00e0 consulter le dossier de pr\u00e9paration des r\u00e9serves naturelles travers\u00e9es par le&#8230;<\/p>\n","protected":false},"author":3,"featured_media":3292,"parent":0,"menu_order":0,"comment_status":"closed","ping_status":"closed","template":"elementor_theme","meta":{"_acf_changed":false,"_kad_post_transparent":"","_kad_post_title":"hide","_kad_post_layout":"right","_kad_post_sidebar_id":"","_kad_post_content_style":"unboxed","_kad_post_vertical_padding":"hide","_kad_post_feature":"hide","_kad_post_feature_position":"","_kad_post_header":false,"_kad_post_footer":false,"footnotes":""},"categories":[27,18,24,23],"tags":[],"class_list":["post-3289","page","type-page","status-publish","has-post-thumbnail","hentry","category-autres-themes","category-dossier-de-preparation","category-hebergements-bivouacs","category-sentiers-orientation"],"acf":[],"yoast_head":"<!-- This site is optimized with the Yoast SEO plugin v27.4 - https:\/\/yoast.com\/product\/yoast-seo-wordpress\/ -->\n<title>La r\u00e9glementation des r\u00e9serves naturelles des Pyr\u00e9n\u00e9es<\/title>\n<meta name=\"description\" content=\"Connaitre la r\u00e9glementation des r\u00e9serves naturelles des Pyr\u00e9n\u00e9es travers\u00e9es par le GR10 est capital pour tous les randonneurs GRdistes.\" \/>\n<meta name=\"robots\" content=\"index, follow, max-snippet:-1, max-image-preview:large, max-video-preview:-1\" \/>\n<link rel=\"canonical\" href=\"https:\/\/gr10.org\/index.php\/la-reglementation-des-reserves-naturelles-des-pyrenees\/\" \/>\n<meta property=\"og:locale\" content=\"fr_FR\" \/>\n<meta property=\"og:type\" content=\"article\" \/>\n<meta property=\"og:title\" content=\"La r\u00e9glementation des r\u00e9serves naturelles des Pyr\u00e9n\u00e9es\" \/>\n<meta property=\"og:description\" content=\"Connaitre la r\u00e9glementation des r\u00e9serves naturelles des Pyr\u00e9n\u00e9es travers\u00e9es par le GR10 est capital pour tous les randonneurs GRdistes.\" \/>\n<meta property=\"og:url\" content=\"https:\/\/gr10.org\/index.php\/la-reglementation-des-reserves-naturelles-des-pyrenees\/\" \/>\n<meta property=\"og:site_name\" content=\"GR10 - La grande travers\u00e9e des Pyr\u00e9n\u00e9es\" \/>\n<meta property=\"article:modified_time\" content=\"2025-07-19T14:06:34+00:00\" \/>\n<meta property=\"og:image\" content=\"https:\/\/gr10.org\/wp-content\/uploads\/2022\/03\/Reglement-Parc-National-des-Pyrenees.jpg\" \/>\n\t<meta property=\"og:image:width\" content=\"406\" \/>\n\t<meta property=\"og:image:height\" content=\"513\" \/>\n\t<meta property=\"og:image:type\" content=\"image\/jpeg\" \/>\n<meta name=\"twitter:card\" content=\"summary_large_image\" \/>\n<meta name=\"twitter:label1\" content=\"Dur\u00e9e de lecture estim\u00e9e\" \/>\n\t<meta name=\"twitter:data1\" content=\"4 minutes\" \/>\n<script type=\"application\/ld+json\" class=\"yoast-schema-graph\">{\"@context\":\"https:\\\/\\\/schema.org\",\"@graph\":[{\"@type\":\"WebPage\",\"@id\":\"https:\\\/\\\/gr10.org\\\/index.php\\\/la-reglementation-des-reserves-naturelles-des-pyrenees\\\/\",\"url\":\"https:\\\/\\\/gr10.org\\\/index.php\\\/la-reglementation-des-reserves-naturelles-des-pyrenees\\\/\",\"name\":\"La r\u00e9glementation des r\u00e9serves naturelles des Pyr\u00e9n\u00e9es\",\"isPartOf\":{\"@id\":\"https:\\\/\\\/gr10.org\\\/#website\"},\"primaryImageOfPage\":{\"@id\":\"https:\\\/\\\/gr10.org\\\/index.php\\\/la-reglementation-des-reserves-naturelles-des-pyrenees\\\/#primaryimage\"},\"image\":{\"@id\":\"https:\\\/\\\/gr10.org\\\/index.php\\\/la-reglementation-des-reserves-naturelles-des-pyrenees\\\/#primaryimage\"},\"thumbnailUrl\":\"https:\\\/\\\/gr10.org\\\/wp-content\\\/uploads\\\/2022\\\/03\\\/Reglement-Parc-National-des-Pyrenees.jpg\",\"datePublished\":\"2022-03-03T19:52:40+00:00\",\"dateModified\":\"2025-07-19T14:06:34+00:00\",\"description\":\"Connaitre la r\u00e9glementation des r\u00e9serves naturelles des Pyr\u00e9n\u00e9es travers\u00e9es par le GR10 est capital pour tous les randonneurs GRdistes.\",\"breadcrumb\":{\"@id\":\"https:\\\/\\\/gr10.org\\\/index.php\\\/la-reglementation-des-reserves-naturelles-des-pyrenees\\\/#breadcrumb\"},\"inLanguage\":\"fr-FR\",\"potentialAction\":[{\"@type\":\"ReadAction\",\"target\":[\"https:\\\/\\\/gr10.org\\\/index.php\\\/la-reglementation-des-reserves-naturelles-des-pyrenees\\\/\"]}]},{\"@type\":\"ImageObject\",\"inLanguage\":\"fr-FR\",\"@id\":\"https:\\\/\\\/gr10.org\\\/index.php\\\/la-reglementation-des-reserves-naturelles-des-pyrenees\\\/#primaryimage\",\"url\":\"https:\\\/\\\/gr10.org\\\/wp-content\\\/uploads\\\/2022\\\/03\\\/Reglement-Parc-National-des-Pyrenees.jpg\",\"contentUrl\":\"https:\\\/\\\/gr10.org\\\/wp-content\\\/uploads\\\/2022\\\/03\\\/Reglement-Parc-National-des-Pyrenees.jpg\",\"width\":406,\"height\":513,\"caption\":\"La r\u00e9glementation du Parc National des Pyr\u00e9n\u00e9es\"},{\"@type\":\"BreadcrumbList\",\"@id\":\"https:\\\/\\\/gr10.org\\\/index.php\\\/la-reglementation-des-reserves-naturelles-des-pyrenees\\\/#breadcrumb\",\"itemListElement\":[{\"@type\":\"ListItem\",\"position\":1,\"name\":\"Accueil\",\"item\":\"https:\\\/\\\/gr10.org\\\/\"},{\"@type\":\"ListItem\",\"position\":2,\"name\":\"La r\u00e9glementation des r\u00e9serves naturelles des Pyr\u00e9n\u00e9es\"}]},{\"@type\":\"WebSite\",\"@id\":\"https:\\\/\\\/gr10.org\\\/#website\",\"url\":\"https:\\\/\\\/gr10.org\\\/\",\"name\":\"GR10 - La grande travers\u00e9e des Pyr\u00e9n\u00e9es\",\"description\":\"La grande aventure de la travers\u00e9e des Pyr\u00e9n\u00e9es via le gr10, vous en avez r\u00eav\u00e9? Alors, faite-la! Ce site vous aidera \u00e0 r\u00e9aliser votre aventure.\",\"potentialAction\":[{\"@type\":\"SearchAction\",\"target\":{\"@type\":\"EntryPoint\",\"urlTemplate\":\"https:\\\/\\\/gr10.org\\\/?s={search_term_string}\"},\"query-input\":{\"@type\":\"PropertyValueSpecification\",\"valueRequired\":true,\"valueName\":\"search_term_string\"}}],\"inLanguage\":\"fr-FR\"}]}<\/script>\n<!-- \/ Yoast SEO plugin. -->","yoast_head_json":{"title":"La r\u00e9glementation des r\u00e9serves naturelles des Pyr\u00e9n\u00e9es","description":"Connaitre la r\u00e9glementation des r\u00e9serves naturelles des Pyr\u00e9n\u00e9es travers\u00e9es par le GR10 est capital pour tous les randonneurs GRdistes.","robots":{"index":"index","follow":"follow","max-snippet":"max-snippet:-1","max-image-preview":"max-image-preview:large","max-video-preview":"max-video-preview:-1"},"canonical":"https:\/\/gr10.org\/index.php\/la-reglementation-des-reserves-naturelles-des-pyrenees\/","og_locale":"fr_FR","og_type":"article","og_title":"La r\u00e9glementation des r\u00e9serves naturelles des Pyr\u00e9n\u00e9es","og_description":"Connaitre la r\u00e9glementation des r\u00e9serves naturelles des Pyr\u00e9n\u00e9es travers\u00e9es par le GR10 est capital pour tous les randonneurs GRdistes.","og_url":"https:\/\/gr10.org\/index.php\/la-reglementation-des-reserves-naturelles-des-pyrenees\/","og_site_name":"GR10 - La grande travers\u00e9e des Pyr\u00e9n\u00e9es","article_modified_time":"2025-07-19T14:06:34+00:00","og_image":[{"width":406,"height":513,"url":"https:\/\/gr10.org\/wp-content\/uploads\/2022\/03\/Reglement-Parc-National-des-Pyrenees.jpg","type":"image\/jpeg"}],"twitter_card":"summary_large_image","twitter_misc":{"Dur\u00e9e de lecture estim\u00e9e":"4 minutes"},"schema":{"@context":"https:\/\/schema.org","@graph":[{"@type":"WebPage","@id":"https:\/\/gr10.org\/index.php\/la-reglementation-des-reserves-naturelles-des-pyrenees\/","url":"https:\/\/gr10.org\/index.php\/la-reglementation-des-reserves-naturelles-des-pyrenees\/","name":"La r\u00e9glementation des r\u00e9serves naturelles des Pyr\u00e9n\u00e9es","isPartOf":{"@id":"https:\/\/gr10.org\/#website"},"primaryImageOfPage":{"@id":"https:\/\/gr10.org\/index.php\/la-reglementation-des-reserves-naturelles-des-pyrenees\/#primaryimage"},"image":{"@id":"https:\/\/gr10.org\/index.php\/la-reglementation-des-reserves-naturelles-des-pyrenees\/#primaryimage"},"thumbnailUrl":"https:\/\/gr10.org\/wp-content\/uploads\/2022\/03\/Reglement-Parc-National-des-Pyrenees.jpg","datePublished":"2022-03-03T19:52:40+00:00","dateModified":"2025-07-19T14:06:34+00:00","description":"Connaitre la r\u00e9glementation des r\u00e9serves naturelles des Pyr\u00e9n\u00e9es travers\u00e9es par le GR10 est capital pour tous les randonneurs GRdistes.","breadcrumb":{"@id":"https:\/\/gr10.org\/index.php\/la-reglementation-des-reserves-naturelles-des-pyrenees\/#breadcrumb"},"inLanguage":"fr-FR","potentialAction":[{"@type":"ReadAction","target":["https:\/\/gr10.org\/index.php\/la-reglementation-des-reserves-naturelles-des-pyrenees\/"]}]},{"@type":"ImageObject","inLanguage":"fr-FR","@id":"https:\/\/gr10.org\/index.php\/la-reglementation-des-reserves-naturelles-des-pyrenees\/#primaryimage","url":"https:\/\/gr10.org\/wp-content\/uploads\/2022\/03\/Reglement-Parc-National-des-Pyrenees.jpg","contentUrl":"https:\/\/gr10.org\/wp-content\/uploads\/2022\/03\/Reglement-Parc-National-des-Pyrenees.jpg","width":406,"height":513,"caption":"La r\u00e9glementation du Parc National des Pyr\u00e9n\u00e9es"},{"@type":"BreadcrumbList","@id":"https:\/\/gr10.org\/index.php\/la-reglementation-des-reserves-naturelles-des-pyrenees\/#breadcrumb","itemListElement":[{"@type":"ListItem","position":1,"name":"Accueil","item":"https:\/\/gr10.org\/"},{"@type":"ListItem","position":2,"name":"La r\u00e9glementation des r\u00e9serves naturelles des Pyr\u00e9n\u00e9es"}]},{"@type":"WebSite","@id":"https:\/\/gr10.org\/#website","url":"https:\/\/gr10.org\/","name":"GR10 - La grande travers\u00e9e des Pyr\u00e9n\u00e9es","description":"La grande aventure de la travers\u00e9e des Pyr\u00e9n\u00e9es via le gr10, vous en avez r\u00eav\u00e9? Alors, faite-la! Ce site vous aidera \u00e0 r\u00e9aliser votre aventure.","potentialAction":[{"@type":"SearchAction","target":{"@type":"EntryPoint","urlTemplate":"https:\/\/gr10.org\/?s={search_term_string}"},"query-input":{"@type":"PropertyValueSpecification","valueRequired":true,"valueName":"search_term_string"}}],"inLanguage":"fr-FR"}]}},"_links":{"self":[{"href":"https:\/\/gr10.org\/index.php\/wp-json\/wp\/v2\/pages\/3289","targetHints":{"allow":["GET"]}}],"collection":[{"href":"https:\/\/gr10.org\/index.php\/wp-json\/wp\/v2\/pages"}],"about":[{"href":"https:\/\/gr10.org\/index.php\/wp-json\/wp\/v2\/types\/page"}],"author":[{"embeddable":true,"href":"https:\/\/gr10.org\/index.php\/wp-json\/wp\/v2\/users\/3"}],"replies":[{"embeddable":true,"href":"https:\/\/gr10.org\/index.php\/wp-json\/wp\/v2\/comments?post=3289"}],"version-history":[{"count":76,"href":"https:\/\/gr10.org\/index.php\/wp-json\/wp\/v2\/pages\/3289\/revisions"}],"predecessor-version":[{"id":14648,"href":"https:\/\/gr10.org\/index.php\/wp-json\/wp\/v2\/pages\/3289\/revisions\/14648"}],"wp:featuredmedia":[{"embeddable":true,"href":"https:\/\/gr10.org\/index.php\/wp-json\/wp\/v2\/media\/3292"}],"wp:attachment":[{"href":"https:\/\/gr10.org\/index.php\/wp-json\/wp\/v2\/media?parent=3289"}],"wp:term":[{"taxonomy":"category","embeddable":true,"href":"https:\/\/gr10.org\/index.php\/wp-json\/wp\/v2\/categories?post=3289"},{"taxonomy":"post_tag","embeddable":true,"href":"https:\/\/gr10.org\/index.php\/wp-json\/wp\/v2\/tags?post=3289"}],"curies":[{"name":"wp","href":"https:\/\/api.w.org\/{rel}","templated":true}]}}