{"id":3307,"date":"2022-03-23T21:06:41","date_gmt":"2022-03-23T20:06:41","guid":{"rendered":"https:\/\/gr10.org\/?page_id=3307"},"modified":"2023-10-19T23:04:21","modified_gmt":"2023-10-19T21:04:21","slug":"le-112-numero-d-urgence-unique","status":"publish","type":"page","link":"https:\/\/gr10.org\/index.php\/le-112-numero-d-urgence-unique\/","title":{"rendered":"le 112 num\u00e9ro d&rsquo;urgence unique"},"content":{"rendered":"\t\t<div data-elementor-type=\"wp-page\" data-elementor-id=\"3307\" class=\"elementor elementor-3307\" data-elementor-post-type=\"page\">\n\t\t\t\t\t\t<section class=\"elementor-section elementor-top-section elementor-element elementor-element-6364a5e elementor-section-boxed elementor-section-height-default elementor-section-height-default\" data-id=\"6364a5e\" data-element_type=\"section\" data-e-type=\"section\" data-settings=\"{&quot;background_background&quot;:&quot;classic&quot;}\">\n\t\t\t\t\t\t<div class=\"elementor-container elementor-column-gap-default\">\n\t\t\t\t\t<div class=\"elementor-column elementor-col-100 elementor-top-column elementor-element elementor-element-ed2a3b4\" data-id=\"ed2a3b4\" data-element_type=\"column\" data-e-type=\"column\" data-settings=\"{&quot;background_background&quot;:&quot;classic&quot;}\">\n\t\t\t<div class=\"elementor-widget-wrap elementor-element-populated\">\n\t\t\t\t\t\t<section class=\"elementor-section elementor-inner-section elementor-element elementor-element-3d003d6 elementor-section-full_width elementor-section-content-middle elementor-section-height-default elementor-section-height-default\" data-id=\"3d003d6\" data-element_type=\"section\" data-e-type=\"section\">\n\t\t\t\t\t\t<div class=\"elementor-container elementor-column-gap-default\">\n\t\t\t\t\t<div class=\"elementor-column elementor-col-50 elementor-inner-column elementor-element elementor-element-509fd10\" data-id=\"509fd10\" data-element_type=\"column\" data-e-type=\"column\">\n\t\t\t<div class=\"elementor-widget-wrap elementor-element-populated\">\n\t\t\t\t\t\t<div class=\"elementor-element elementor-element-5515547 elementor-widget elementor-widget-image\" data-id=\"5515547\" data-element_type=\"widget\" data-e-type=\"widget\" data-widget_type=\"image.default\">\n\t\t\t\t<div class=\"elementor-widget-container\">\n\t\t\t\t\t\t\t\t\t\t\t\t\t\t\t<img fetchpriority=\"high\" decoding=\"async\" width=\"300\" height=\"228\" src=\"https:\/\/gr10.org\/wp-content\/uploads\/2022\/03\/le-112-numero-durgence-unique.jpg\" class=\"attachment-large size-large wp-image-3308\" alt=\"le 112 num\u00e9ro d&#039;urgence unique\" \/>\t\t\t\t\t\t\t\t\t\t\t\t\t\t\t<\/div>\n\t\t\t\t<\/div>\n\t\t\t\t\t<\/div>\n\t\t<\/div>\n\t\t\t\t<div class=\"elementor-column elementor-col-50 elementor-inner-column elementor-element elementor-element-63b834c\" data-id=\"63b834c\" data-element_type=\"column\" data-e-type=\"column\">\n\t\t\t<div class=\"elementor-widget-wrap elementor-element-populated\">\n\t\t\t\t\t\t<div class=\"elementor-element elementor-element-37117c0 elementor-widget elementor-widget-heading\" data-id=\"37117c0\" data-element_type=\"widget\" data-e-type=\"widget\" data-widget_type=\"heading.default\">\n\t\t\t\t<div class=\"elementor-widget-container\">\n\t\t\t\t\t<h2 class=\"elementor-heading-title elementor-size-default\">le 112, num\u00e9ro d'urgence unique\n<\/h2>\t\t\t\t<\/div>\n\t\t\t\t<\/div>\n\t\t\t\t<div class=\"elementor-element elementor-element-07c2d4d elementor-widget elementor-widget-text-editor\" data-id=\"07c2d4d\" data-element_type=\"widget\" data-e-type=\"widget\" data-widget_type=\"text-editor.default\">\n\t\t\t\t<div class=\"elementor-widget-container\">\n\t\t\t\t\t\t\t\t\t<p>Appel d\u2019urgence : un num\u00e9ro unique, le 112. Le 112 est un num\u00e9ro d\u2019urgence gratuit et accessible partout en Europe (tr\u00e8s utile en zone frontali\u00e8re dans les Alpes et les Pyr\u00e9n\u00e9es). Permet de joindre les services de secours du d\u00e9partement qui enverront de mani\u00e8re concert\u00e9e les moyens adapt\u00e9s (sapeurs-pompiers, Samu, Gendarmerie, PGHM\u2026) Le 112 fonctionne m\u00eame depuis un t\u00e9l\u00e9phone verrouill\u00e9 ou ne disposant pas d\u2019une carte SIM.<br \/><br \/>N&rsquo;oubliez pas votre sifflet. Vous n&rsquo;\u00eates jamais aussi seul que vous le pensez, et un sifflet porte \u00e0 plusieurs kilom\u00e8tres. Il permet d&rsquo;alerter d&rsquo;autres montagnards qui viendront plus facilement vers vous. Il peut servir \u00e0 guider les secours officiels surtout en cas de mauvaise visibilit\u00e9 ou la nuit.<\/p>\t\t\t\t\t\t\t\t<\/div>\n\t\t\t\t<\/div>\n\t\t\t\t\t<\/div>\n\t\t<\/div>\n\t\t\t\t\t<\/div>\n\t\t<\/section>\n\t\t\t\t<section class=\"elementor-section elementor-inner-section elementor-element elementor-element-a08f76c elementor-section-full_width elementor-section-content-middle elementor-section-height-default elementor-section-height-default\" data-id=\"a08f76c\" data-element_type=\"section\" data-e-type=\"section\">\n\t\t\t\t\t\t<div class=\"elementor-container elementor-column-gap-default\">\n\t\t\t\t\t<div class=\"elementor-column elementor-col-50 elementor-inner-column elementor-element elementor-element-b08f0bc\" data-id=\"b08f0bc\" data-element_type=\"column\" data-e-type=\"column\">\n\t\t\t<div class=\"elementor-widget-wrap elementor-element-populated\">\n\t\t\t\t\t\t<div class=\"elementor-element elementor-element-68a5b0f elementor-widget elementor-widget-image\" data-id=\"68a5b0f\" data-element_type=\"widget\" data-e-type=\"widget\" data-widget_type=\"image.default\">\n\t\t\t\t<div class=\"elementor-widget-container\">\n\t\t\t\t\t\t\t\t\t\t\t\t\t\t\t\t<a href=\"https:\/\/gr10.org\/wp-content\/uploads\/2022\/03\/112.jpg\" data-elementor-open-lightbox=\"yes\" data-elementor-lightbox-title=\"112\" data-e-action-hash=\"#elementor-action%3Aaction%3Dlightbox%26settings%3DeyJpZCI6MzMxMCwidXJsIjoiaHR0cHM6XC9cL2dyMTAub3JnXC93cC1jb250ZW50XC91cGxvYWRzXC8yMDIyXC8wM1wvMTEyLmpwZyJ9\">\n\t\t\t\t\t\t\t<img decoding=\"async\" width=\"800\" height=\"569\" src=\"https:\/\/gr10.org\/wp-content\/uploads\/2022\/03\/112.jpg\" class=\"attachment-large size-large wp-image-3310\" alt=\"112\" srcset=\"https:\/\/gr10.org\/wp-content\/uploads\/2022\/03\/112.jpg 800w, https:\/\/gr10.org\/wp-content\/uploads\/2022\/03\/112-300x213.jpg 300w, https:\/\/gr10.org\/wp-content\/uploads\/2022\/03\/112-768x546.jpg 768w\" sizes=\"(max-width: 800px) 100vw, 800px\" \/>\t\t\t\t\t\t\t\t<\/a>\n\t\t\t\t\t\t\t\t\t\t\t\t\t\t\t<\/div>\n\t\t\t\t<\/div>\n\t\t\t\t<div class=\"elementor-element elementor-element-4914e52 elementor-widget elementor-widget-image\" data-id=\"4914e52\" data-element_type=\"widget\" data-e-type=\"widget\" data-widget_type=\"image.default\">\n\t\t\t\t<div class=\"elementor-widget-container\">\n\t\t\t\t\t\t\t\t\t\t\t\t\t\t\t\t<a href=\"https:\/\/gr10.org\/wp-content\/uploads\/2022\/03\/112-1.jpg\" data-elementor-open-lightbox=\"yes\" data-elementor-lightbox-title=\"112\" data-e-action-hash=\"#elementor-action%3Aaction%3Dlightbox%26settings%3DeyJpZCI6MzMxMSwidXJsIjoiaHR0cHM6XC9cL2dyMTAub3JnXC93cC1jb250ZW50XC91cGxvYWRzXC8yMDIyXC8wM1wvMTEyLTEuanBnIn0%3D\">\n\t\t\t\t\t\t\t<img decoding=\"async\" width=\"210\" height=\"208\" src=\"https:\/\/gr10.org\/wp-content\/uploads\/2022\/03\/112-1.jpg\" class=\"attachment-large size-large wp-image-3311\" alt=\"112\" srcset=\"https:\/\/gr10.org\/wp-content\/uploads\/2022\/03\/112-1.jpg 210w, https:\/\/gr10.org\/wp-content\/uploads\/2022\/03\/112-1-150x150.jpg 150w\" sizes=\"(max-width: 210px) 100vw, 210px\" \/>\t\t\t\t\t\t\t\t<\/a>\n\t\t\t\t\t\t\t\t\t\t\t\t\t\t\t<\/div>\n\t\t\t\t<\/div>\n\t\t\t\t\t<\/div>\n\t\t<\/div>\n\t\t\t\t<div class=\"elementor-column elementor-col-50 elementor-inner-column elementor-element elementor-element-3abcb93\" data-id=\"3abcb93\" data-element_type=\"column\" data-e-type=\"column\">\n\t\t\t<div class=\"elementor-widget-wrap elementor-element-populated\">\n\t\t\t\t\t\t<div class=\"elementor-element elementor-element-ded24bc elementor-widget elementor-widget-heading\" data-id=\"ded24bc\" data-element_type=\"widget\" data-e-type=\"widget\" data-widget_type=\"heading.default\">\n\t\t\t\t<div class=\"elementor-widget-container\">\n\t\t\t\t\t<h3 class=\"elementor-heading-title elementor-size-default\">Appelez le 112 pour alerter les secours\n<\/h3>\t\t\t\t<\/div>\n\t\t\t\t<\/div>\n\t\t\t\t<div class=\"elementor-element elementor-element-1a93ddf elementor-widget elementor-widget-text-editor\" data-id=\"1a93ddf\" data-element_type=\"widget\" data-e-type=\"widget\" data-widget_type=\"text-editor.default\">\n\t\t\t\t<div class=\"elementor-widget-container\">\n\t\t\t\t\t\t\t\t\t<p>Se pr\u00e9senter, se localiser via votre t\u00e9l\u00e9phone portable ou autres moyens (carte, GPS\u2026), d\u00e9crire la situation et r\u00e9pondre aux questions du professionnel en ligne. En cas d\u2019accident, tout usager doit porter secours. Si vous \u00eates t\u00e9moin ou responsable d\u2019un accident vous devez faire connaitre votre identit\u00e9 aupr\u00e8s des secours.<\/p>\t\t\t\t\t\t\t\t<\/div>\n\t\t\t\t<\/div>\n\t\t\t\t\t<\/div>\n\t\t<\/div>\n\t\t\t\t\t<\/div>\n\t\t<\/section>\n\t\t\t\t<section class=\"elementor-section elementor-inner-section elementor-element elementor-element-fcf130d elementor-section-boxed elementor-section-height-default elementor-section-height-default\" data-id=\"fcf130d\" data-element_type=\"section\" data-e-type=\"section\">\n\t\t\t\t\t\t<div class=\"elementor-container elementor-column-gap-default\">\n\t\t\t\t\t<div class=\"elementor-column elementor-col-100 elementor-inner-column elementor-element elementor-element-590cf68\" data-id=\"590cf68\" data-element_type=\"column\" data-e-type=\"column\">\n\t\t\t<div class=\"elementor-widget-wrap elementor-element-populated\">\n\t\t\t\t\t\t<div class=\"elementor-element elementor-element-68d9b99 elementor-position-inline-start elementor-widget__width-inherit elementor-view-default elementor-mobile-position-block-start elementor-widget elementor-widget-icon-box\" data-id=\"68d9b99\" data-element_type=\"widget\" data-e-type=\"widget\" data-widget_type=\"icon-box.default\">\n\t\t\t\t<div class=\"elementor-widget-container\">\n\t\t\t\t\t\t\t<div class=\"elementor-icon-box-wrapper\">\n\n\t\t\t\t\t\t<div class=\"elementor-icon-box-icon\">\n\t\t\t\t<span  class=\"elementor-icon\">\n\t\t\t\t<i aria-hidden=\"true\" class=\"fas fa-info-circle\"><\/i>\t\t\t\t<\/span>\n\t\t\t<\/div>\n\t\t\t\n\t\t\t\t\t\t<div class=\"elementor-icon-box-content\">\n\n\t\t\t\t\n\t\t\t\t\t\t\t\t\t<p class=\"elementor-icon-box-description\">\n\t\t\t\t\t\tPoint info\t\t\t\t\t<\/p>\n\t\t\t\t\n\t\t\t<\/div>\n\t\t\t\n\t\t<\/div>\n\t\t\t\t\t\t<\/div>\n\t\t\t\t<\/div>\n\t\t\t\t<div class=\"elementor-element elementor-element-886ba17 elementor-widget elementor-widget-text-editor\" data-id=\"886ba17\" data-element_type=\"widget\" data-e-type=\"widget\" data-widget_type=\"text-editor.default\">\n\t\t\t\t<div class=\"elementor-widget-container\">\n\t\t\t\t\t\t\t\t\tPour toutes questions relatives aux dossiers de pr\u00e9paration, n&rsquo;h\u00e9sitez-pas \u00e0 contacter :\n<br>\nEric CHAIGNEAU\n<br>\nanimateur b\u00e9n\u00e9vole des Amis GRdistes.\n<br>\n<a href=\"mailto:assogr10@gmail.com\" target=\"_blank\" rel=\"noopener\">assogr10@gmail.com<\/a>\n<br>\ntel 06 83 61 48 49\t\t\t\t\t\t\t\t<\/div>\n\t\t\t\t<\/div>\n\t\t\t\t\t<\/div>\n\t\t<\/div>\n\t\t\t\t\t<\/div>\n\t\t<\/section>\n\t\t\t\t\t<\/div>\n\t\t<\/div>\n\t\t\t\t\t<\/div>\n\t\t<\/section>\n\t\t\t\t<\/div>\n\t\t","protected":false},"excerpt":{"rendered":"<p>le 112, num\u00e9ro d&rsquo;urgence unique Appel d\u2019urgence : un num\u00e9ro unique, le 112. Le 112 est un num\u00e9ro d\u2019urgence gratuit et accessible partout en Europe (tr\u00e8s utile en zone frontali\u00e8re dans les Alpes et les Pyr\u00e9n\u00e9es). Permet de joindre les services de secours du d\u00e9partement qui enverront de mani\u00e8re concert\u00e9e les moyens adapt\u00e9s (sapeurs-pompiers, Samu,&#8230;<\/p>\n","protected":false},"author":3,"featured_media":3308,"parent":0,"menu_order":0,"comment_status":"closed","ping_status":"closed","template":"elementor_theme","meta":{"_acf_changed":false,"_kad_post_transparent":"","_kad_post_title":"hide","_kad_post_layout":"right","_kad_post_sidebar_id":"","_kad_post_content_style":"unboxed","_kad_post_vertical_padding":"hide","_kad_post_feature":"hide","_kad_post_feature_position":"","_kad_post_header":false,"_kad_post_footer":false,"footnotes":""},"categories":[18,22],"tags":[],"class_list":["post-3307","page","type-page","status-publish","has-post-thumbnail","hentry","category-dossier-de-preparation","category-securite-sante"],"acf":[],"yoast_head":"<!-- This site is optimized with the Yoast SEO plugin v27.4 - https:\/\/yoast.com\/product\/yoast-seo-wordpress\/ -->\n<title>le 112 num\u00e9ro d&#039;urgence unique<\/title>\n<meta name=\"description\" content=\"Le 112 est un num\u00e9ro d&#039;urgence unique qu&#039;il est indispensable de bien conna\u00eetre avant de partir \u00e0 l&#039;aventure sur le GR10.\" \/>\n<meta name=\"robots\" content=\"index, follow, max-snippet:-1, max-image-preview:large, max-video-preview:-1\" \/>\n<link rel=\"canonical\" href=\"https:\/\/gr10.org\/index.php\/le-112-numero-d-urgence-unique\/\" \/>\n<meta property=\"og:locale\" content=\"fr_FR\" \/>\n<meta property=\"og:type\" content=\"article\" \/>\n<meta property=\"og:title\" content=\"le 112 num\u00e9ro d&#039;urgence unique\" \/>\n<meta property=\"og:description\" content=\"Le 112 est un num\u00e9ro d&#039;urgence unique qu&#039;il est indispensable de bien conna\u00eetre avant de partir \u00e0 l&#039;aventure sur le GR10.\" \/>\n<meta property=\"og:url\" content=\"https:\/\/gr10.org\/index.php\/le-112-numero-d-urgence-unique\/\" \/>\n<meta property=\"og:site_name\" content=\"GR10 - La grande travers\u00e9e des Pyr\u00e9n\u00e9es\" \/>\n<meta property=\"article:modified_time\" content=\"2023-10-19T21:04:21+00:00\" \/>\n<meta property=\"og:image\" content=\"https:\/\/gr10.org\/wp-content\/uploads\/2022\/03\/le-112-numero-durgence-unique.jpg\" \/>\n\t<meta property=\"og:image:width\" content=\"300\" \/>\n\t<meta property=\"og:image:height\" content=\"228\" \/>\n\t<meta property=\"og:image:type\" content=\"image\/jpeg\" \/>\n<meta name=\"twitter:card\" content=\"summary_large_image\" \/>\n<meta name=\"twitter:label1\" content=\"Dur\u00e9e de lecture estim\u00e9e\" \/>\n\t<meta name=\"twitter:data1\" content=\"2 minutes\" \/>\n<script type=\"application\/ld+json\" class=\"yoast-schema-graph\">{\"@context\":\"https:\\\/\\\/schema.org\",\"@graph\":[{\"@type\":\"WebPage\",\"@id\":\"https:\\\/\\\/gr10.org\\\/index.php\\\/le-112-numero-d-urgence-unique\\\/\",\"url\":\"https:\\\/\\\/gr10.org\\\/index.php\\\/le-112-numero-d-urgence-unique\\\/\",\"name\":\"le 112 num\u00e9ro d'urgence unique\",\"isPartOf\":{\"@id\":\"https:\\\/\\\/gr10.org\\\/#website\"},\"primaryImageOfPage\":{\"@id\":\"https:\\\/\\\/gr10.org\\\/index.php\\\/le-112-numero-d-urgence-unique\\\/#primaryimage\"},\"image\":{\"@id\":\"https:\\\/\\\/gr10.org\\\/index.php\\\/le-112-numero-d-urgence-unique\\\/#primaryimage\"},\"thumbnailUrl\":\"https:\\\/\\\/gr10.org\\\/wp-content\\\/uploads\\\/2022\\\/03\\\/le-112-numero-durgence-unique.jpg\",\"datePublished\":\"2022-03-23T20:06:41+00:00\",\"dateModified\":\"2023-10-19T21:04:21+00:00\",\"description\":\"Le 112 est un num\u00e9ro d'urgence unique qu'il est indispensable de bien conna\u00eetre avant de partir \u00e0 l'aventure sur le GR10.\",\"breadcrumb\":{\"@id\":\"https:\\\/\\\/gr10.org\\\/index.php\\\/le-112-numero-d-urgence-unique\\\/#breadcrumb\"},\"inLanguage\":\"fr-FR\",\"potentialAction\":[{\"@type\":\"ReadAction\",\"target\":[\"https:\\\/\\\/gr10.org\\\/index.php\\\/le-112-numero-d-urgence-unique\\\/\"]}]},{\"@type\":\"ImageObject\",\"inLanguage\":\"fr-FR\",\"@id\":\"https:\\\/\\\/gr10.org\\\/index.php\\\/le-112-numero-d-urgence-unique\\\/#primaryimage\",\"url\":\"https:\\\/\\\/gr10.org\\\/wp-content\\\/uploads\\\/2022\\\/03\\\/le-112-numero-durgence-unique.jpg\",\"contentUrl\":\"https:\\\/\\\/gr10.org\\\/wp-content\\\/uploads\\\/2022\\\/03\\\/le-112-numero-durgence-unique.jpg\",\"width\":300,\"height\":228,\"caption\":\"le 112 num\u00e9ro d'urgence unique\"},{\"@type\":\"BreadcrumbList\",\"@id\":\"https:\\\/\\\/gr10.org\\\/index.php\\\/le-112-numero-d-urgence-unique\\\/#breadcrumb\",\"itemListElement\":[{\"@type\":\"ListItem\",\"position\":1,\"name\":\"Accueil\",\"item\":\"https:\\\/\\\/gr10.org\\\/\"},{\"@type\":\"ListItem\",\"position\":2,\"name\":\"le 112 num\u00e9ro d&rsquo;urgence unique\"}]},{\"@type\":\"WebSite\",\"@id\":\"https:\\\/\\\/gr10.org\\\/#website\",\"url\":\"https:\\\/\\\/gr10.org\\\/\",\"name\":\"GR10 - La grande travers\u00e9e des Pyr\u00e9n\u00e9es\",\"description\":\"La grande aventure de la travers\u00e9e des Pyr\u00e9n\u00e9es via le gr10, vous en avez r\u00eav\u00e9? Alors, faite-la! Ce site vous aidera \u00e0 r\u00e9aliser votre aventure.\",\"potentialAction\":[{\"@type\":\"SearchAction\",\"target\":{\"@type\":\"EntryPoint\",\"urlTemplate\":\"https:\\\/\\\/gr10.org\\\/?s={search_term_string}\"},\"query-input\":{\"@type\":\"PropertyValueSpecification\",\"valueRequired\":true,\"valueName\":\"search_term_string\"}}],\"inLanguage\":\"fr-FR\"}]}<\/script>\n<!-- \/ Yoast SEO plugin. -->","yoast_head_json":{"title":"le 112 num\u00e9ro d'urgence unique","description":"Le 112 est un num\u00e9ro d'urgence unique qu'il est indispensable de bien conna\u00eetre avant de partir \u00e0 l'aventure sur le GR10.","robots":{"index":"index","follow":"follow","max-snippet":"max-snippet:-1","max-image-preview":"max-image-preview:large","max-video-preview":"max-video-preview:-1"},"canonical":"https:\/\/gr10.org\/index.php\/le-112-numero-d-urgence-unique\/","og_locale":"fr_FR","og_type":"article","og_title":"le 112 num\u00e9ro d'urgence unique","og_description":"Le 112 est un num\u00e9ro d'urgence unique qu'il est indispensable de bien conna\u00eetre avant de partir \u00e0 l'aventure sur le GR10.","og_url":"https:\/\/gr10.org\/index.php\/le-112-numero-d-urgence-unique\/","og_site_name":"GR10 - La grande travers\u00e9e des Pyr\u00e9n\u00e9es","article_modified_time":"2023-10-19T21:04:21+00:00","og_image":[{"width":300,"height":228,"url":"https:\/\/gr10.org\/wp-content\/uploads\/2022\/03\/le-112-numero-durgence-unique.jpg","type":"image\/jpeg"}],"twitter_card":"summary_large_image","twitter_misc":{"Dur\u00e9e de lecture estim\u00e9e":"2 minutes"},"schema":{"@context":"https:\/\/schema.org","@graph":[{"@type":"WebPage","@id":"https:\/\/gr10.org\/index.php\/le-112-numero-d-urgence-unique\/","url":"https:\/\/gr10.org\/index.php\/le-112-numero-d-urgence-unique\/","name":"le 112 num\u00e9ro d'urgence unique","isPartOf":{"@id":"https:\/\/gr10.org\/#website"},"primaryImageOfPage":{"@id":"https:\/\/gr10.org\/index.php\/le-112-numero-d-urgence-unique\/#primaryimage"},"image":{"@id":"https:\/\/gr10.org\/index.php\/le-112-numero-d-urgence-unique\/#primaryimage"},"thumbnailUrl":"https:\/\/gr10.org\/wp-content\/uploads\/2022\/03\/le-112-numero-durgence-unique.jpg","datePublished":"2022-03-23T20:06:41+00:00","dateModified":"2023-10-19T21:04:21+00:00","description":"Le 112 est un num\u00e9ro d'urgence unique qu'il est indispensable de bien conna\u00eetre avant de partir \u00e0 l'aventure sur le GR10.","breadcrumb":{"@id":"https:\/\/gr10.org\/index.php\/le-112-numero-d-urgence-unique\/#breadcrumb"},"inLanguage":"fr-FR","potentialAction":[{"@type":"ReadAction","target":["https:\/\/gr10.org\/index.php\/le-112-numero-d-urgence-unique\/"]}]},{"@type":"ImageObject","inLanguage":"fr-FR","@id":"https:\/\/gr10.org\/index.php\/le-112-numero-d-urgence-unique\/#primaryimage","url":"https:\/\/gr10.org\/wp-content\/uploads\/2022\/03\/le-112-numero-durgence-unique.jpg","contentUrl":"https:\/\/gr10.org\/wp-content\/uploads\/2022\/03\/le-112-numero-durgence-unique.jpg","width":300,"height":228,"caption":"le 112 num\u00e9ro d'urgence unique"},{"@type":"BreadcrumbList","@id":"https:\/\/gr10.org\/index.php\/le-112-numero-d-urgence-unique\/#breadcrumb","itemListElement":[{"@type":"ListItem","position":1,"name":"Accueil","item":"https:\/\/gr10.org\/"},{"@type":"ListItem","position":2,"name":"le 112 num\u00e9ro d&rsquo;urgence unique"}]},{"@type":"WebSite","@id":"https:\/\/gr10.org\/#website","url":"https:\/\/gr10.org\/","name":"GR10 - La grande travers\u00e9e des Pyr\u00e9n\u00e9es","description":"La grande aventure de la travers\u00e9e des Pyr\u00e9n\u00e9es via le gr10, vous en avez r\u00eav\u00e9? Alors, faite-la! Ce site vous aidera \u00e0 r\u00e9aliser votre aventure.","potentialAction":[{"@type":"SearchAction","target":{"@type":"EntryPoint","urlTemplate":"https:\/\/gr10.org\/?s={search_term_string}"},"query-input":{"@type":"PropertyValueSpecification","valueRequired":true,"valueName":"search_term_string"}}],"inLanguage":"fr-FR"}]}},"_links":{"self":[{"href":"https:\/\/gr10.org\/index.php\/wp-json\/wp\/v2\/pages\/3307","targetHints":{"allow":["GET"]}}],"collection":[{"href":"https:\/\/gr10.org\/index.php\/wp-json\/wp\/v2\/pages"}],"about":[{"href":"https:\/\/gr10.org\/index.php\/wp-json\/wp\/v2\/types\/page"}],"author":[{"embeddable":true,"href":"https:\/\/gr10.org\/index.php\/wp-json\/wp\/v2\/users\/3"}],"replies":[{"embeddable":true,"href":"https:\/\/gr10.org\/index.php\/wp-json\/wp\/v2\/comments?post=3307"}],"version-history":[{"count":5,"href":"https:\/\/gr10.org\/index.php\/wp-json\/wp\/v2\/pages\/3307\/revisions"}],"predecessor-version":[{"id":7140,"href":"https:\/\/gr10.org\/index.php\/wp-json\/wp\/v2\/pages\/3307\/revisions\/7140"}],"wp:featuredmedia":[{"embeddable":true,"href":"https:\/\/gr10.org\/index.php\/wp-json\/wp\/v2\/media\/3308"}],"wp:attachment":[{"href":"https:\/\/gr10.org\/index.php\/wp-json\/wp\/v2\/media?parent=3307"}],"wp:term":[{"taxonomy":"category","embeddable":true,"href":"https:\/\/gr10.org\/index.php\/wp-json\/wp\/v2\/categories?post=3307"},{"taxonomy":"post_tag","embeddable":true,"href":"https:\/\/gr10.org\/index.php\/wp-json\/wp\/v2\/tags?post=3307"}],"curies":[{"name":"wp","href":"https:\/\/api.w.org\/{rel}","templated":true}]}}