{"id":3603,"date":"2022-04-06T15:02:57","date_gmt":"2022-04-06T13:02:57","guid":{"rendered":"https:\/\/gr10.org\/?page_id=3603"},"modified":"2023-10-19T23:13:08","modified_gmt":"2023-10-19T21:13:08","slug":"le-gypaete-barbu","status":"publish","type":"page","link":"https:\/\/gr10.org\/index.php\/le-gypaete-barbu\/","title":{"rendered":"Le Gypa\u00e8te Barbu"},"content":{"rendered":"\t\t<div data-elementor-type=\"wp-page\" data-elementor-id=\"3603\" class=\"elementor elementor-3603\" data-elementor-post-type=\"page\">\n\t\t\t\t\t\t<section class=\"elementor-section elementor-top-section elementor-element elementor-element-6966897 elementor-section-boxed elementor-section-height-default elementor-section-height-default\" data-id=\"6966897\" data-element_type=\"section\" data-e-type=\"section\" data-settings=\"{&quot;background_background&quot;:&quot;classic&quot;}\">\n\t\t\t\t\t\t<div class=\"elementor-container elementor-column-gap-default\">\n\t\t\t\t\t<div class=\"elementor-column elementor-col-100 elementor-top-column elementor-element elementor-element-93579ff\" data-id=\"93579ff\" data-element_type=\"column\" data-e-type=\"column\" data-settings=\"{&quot;background_background&quot;:&quot;classic&quot;}\">\n\t\t\t<div class=\"elementor-widget-wrap elementor-element-populated\">\n\t\t\t\t\t\t<section class=\"elementor-section elementor-inner-section elementor-element elementor-element-a30162b elementor-section-full_width elementor-section-content-middle elementor-section-height-default elementor-section-height-default\" data-id=\"a30162b\" data-element_type=\"section\" data-e-type=\"section\">\n\t\t\t\t\t\t<div class=\"elementor-container elementor-column-gap-default\">\n\t\t\t\t\t<div class=\"elementor-column elementor-col-50 elementor-inner-column elementor-element elementor-element-6785eea\" data-id=\"6785eea\" data-element_type=\"column\" data-e-type=\"column\">\n\t\t\t<div class=\"elementor-widget-wrap elementor-element-populated\">\n\t\t\t\t\t\t<div class=\"elementor-element elementor-element-b022c0e elementor-widget elementor-widget-image\" data-id=\"b022c0e\" data-element_type=\"widget\" data-e-type=\"widget\" data-widget_type=\"image.default\">\n\t\t\t\t<div class=\"elementor-widget-container\">\n\t\t\t\t\t\t\t\t\t\t\t\t\t\t\t<img fetchpriority=\"high\" decoding=\"async\" width=\"960\" height=\"640\" src=\"https:\/\/gr10.org\/wp-content\/uploads\/2022\/03\/Le-Gypaete-Barbu.jpg\" class=\"attachment-large size-large wp-image-3604\" alt=\"Le Gypa\u00e8te Barbu\" srcset=\"https:\/\/gr10.org\/wp-content\/uploads\/2022\/03\/Le-Gypaete-Barbu.jpg 960w, https:\/\/gr10.org\/wp-content\/uploads\/2022\/03\/Le-Gypaete-Barbu-300x200.jpg 300w, https:\/\/gr10.org\/wp-content\/uploads\/2022\/03\/Le-Gypaete-Barbu-768x512.jpg 768w\" sizes=\"(max-width: 960px) 100vw, 960px\" \/>\t\t\t\t\t\t\t\t\t\t\t\t\t\t\t<\/div>\n\t\t\t\t<\/div>\n\t\t\t\t\t<\/div>\n\t\t<\/div>\n\t\t\t\t<div class=\"elementor-column elementor-col-50 elementor-inner-column elementor-element elementor-element-8f3916b\" data-id=\"8f3916b\" data-element_type=\"column\" data-e-type=\"column\">\n\t\t\t<div class=\"elementor-widget-wrap elementor-element-populated\">\n\t\t\t\t\t\t<div class=\"elementor-element elementor-element-b7ddeb1 elementor-widget elementor-widget-heading\" data-id=\"b7ddeb1\" data-element_type=\"widget\" data-e-type=\"widget\" data-widget_type=\"heading.default\">\n\t\t\t\t<div class=\"elementor-widget-container\">\n\t\t\t\t\t<h2 class=\"elementor-heading-title elementor-size-default\">Le Gypa\u00e8te Barbu\n<\/h2>\t\t\t\t<\/div>\n\t\t\t\t<\/div>\n\t\t\t\t<div class=\"elementor-element elementor-element-675e12b elementor-widget elementor-widget-heading\" data-id=\"675e12b\" data-element_type=\"widget\" data-e-type=\"widget\" data-widget_type=\"heading.default\">\n\t\t\t\t<div class=\"elementor-widget-container\">\n\t\t\t\t\t<h2 class=\"elementor-heading-title elementor-size-default\">casseur d'os\n\n<\/h2>\t\t\t\t<\/div>\n\t\t\t\t<\/div>\n\t\t\t\t<div class=\"elementor-element elementor-element-0f167fb elementor-widget elementor-widget-text-editor\" data-id=\"0f167fb\" data-element_type=\"widget\" data-e-type=\"widget\" data-widget_type=\"text-editor.default\">\n\t\t\t\t<div class=\"elementor-widget-container\">\n\t\t\t\t\t\t\t\t\t<p>Le gypa\u00e8te barbu est le plus grand vautour de la faune europ\u00e9enne (3m d&rsquo;envergure).<br \/><br \/>Les 3\/4 de la nourriture du gypa\u00e8te sont constitu\u00e9s d&rsquo;os et de ligaments. Cette ressource alimentaire peut para\u00eetre peu nourrissante \u00e0 premi\u00e8re vue, n\u00e9anmoins elle contient autant d&rsquo;\u00e9l\u00e9ments \u00e9nerg\u00e9tiques que la viande. De plus, elle poss\u00e8de l&rsquo;avantage de n&rsquo;\u00eatre contest\u00e9e par aucun autre animal.<\/p>\t\t\t\t\t\t\t\t<\/div>\n\t\t\t\t<\/div>\n\t\t\t\t<div class=\"elementor-element elementor-element-c8da21a elementor-widget elementor-widget-text-editor\" data-id=\"c8da21a\" data-element_type=\"widget\" data-e-type=\"widget\" data-widget_type=\"text-editor.default\">\n\t\t\t\t<div class=\"elementor-widget-container\">\n\t\t\t\t\t\t\t\t\t<p>Article et photo de Patrick Boudier<\/p>\t\t\t\t\t\t\t\t<\/div>\n\t\t\t\t<\/div>\n\t\t\t\t\t<\/div>\n\t\t<\/div>\n\t\t\t\t\t<\/div>\n\t\t<\/section>\n\t\t\t\t<section class=\"elementor-section elementor-inner-section elementor-element elementor-element-ca1f74f elementor-section-full_width elementor-section-content-middle elementor-section-height-default elementor-section-height-default\" data-id=\"ca1f74f\" data-element_type=\"section\" data-e-type=\"section\">\n\t\t\t\t\t\t<div class=\"elementor-container elementor-column-gap-default\">\n\t\t\t\t\t<div class=\"elementor-column elementor-col-50 elementor-inner-column elementor-element elementor-element-e5e4425 elementor-hidden-mobile\" data-id=\"e5e4425\" data-element_type=\"column\" data-e-type=\"column\">\n\t\t\t<div class=\"elementor-widget-wrap\">\n\t\t\t\t\t\t\t<\/div>\n\t\t<\/div>\n\t\t\t\t<div class=\"elementor-column elementor-col-50 elementor-inner-column elementor-element elementor-element-d12e6bf\" data-id=\"d12e6bf\" data-element_type=\"column\" data-e-type=\"column\">\n\t\t\t<div class=\"elementor-widget-wrap elementor-element-populated\">\n\t\t\t\t\t\t<div class=\"elementor-element elementor-element-6b5db4c elementor-widget elementor-widget-text-editor\" data-id=\"6b5db4c\" data-element_type=\"widget\" data-e-type=\"widget\" data-widget_type=\"text-editor.default\">\n\t\t\t\t<div class=\"elementor-widget-container\">\n\t\t\t\t\t\t\t\t\t<p>Le gypa\u00e8te rep\u00e8re les cadavres de moutons ou de chamois. Il peut attendre patiemment que les vautours aient nettoy\u00e9 la partie molle de la carcasse. Il se saisit alors de leurs os qu&rsquo;il laisse tomber d&rsquo;une hauteur de 50 \u00e0 100 m\u00e8tres sur un pan de falaise oblique ou sur une \u00e9tendue rocheuse pour les briser. Son gosier est large (70 mm) et peut engloutir des os entiers mesurant jusqu&rsquo;\u00e0 25 cm et faisant 35 mm de diam\u00e8tre.<br \/><br \/><span data-reactid=\".3b.1:3:1:$comment10201826717029517_10201828042222646:0.0.$right.0.$left.0.0.1:$comment-body.0.$end:0:$0:0\">Actuellement il est le rapace le plus menac\u00e9 d\u2019Europe<br \/><\/span><br data-reactid=\".3b.1:3:1:$comment10201826717029517_10201828042222646:0.0.$right.0.$left.0.0.1:$comment-body.0.$end:0:$1:0\" \/><span data-reactid=\".3b.1:3:1:$comment10201826717029517_10201828042222646:0.0.$right.0.$left.0.0.1:$comment-body.0.$end:0:$2:0\">Autrefois r\u00e9pandu dans tous les massifs montagneux de l\u2019Europe m\u00e9ridionale, le Casseur d\u2019os a vu se r\u00e9duire de fa\u00e7on drastique son aire de r\u00e9partition depuis le d\u00e9but du XIX \u00e8me si\u00e8cle. Aujourd\u2019hui consid\u00e9r\u00e9 comme le rapace le plus menac\u00e9 d\u2019Europe, les effectifs de la population europ\u00e9enne sont estim\u00e9s \u00e0 moins de 140 couples dont les trois quarts demeurent dans les Pyr\u00e9n\u00e9es. En Espagne, pr\u00e8s de 80 couples sont recens\u00e9s. En France, le Gypa\u00e8te ne subsiste de fa\u00e7on naturelle qu\u2019en Corse (10 couples), dans les Alpes et dans les Pyr\u00e9n\u00e9es (29 couples).<\/span><br \/><br \/><strong>Danger pour le randonneur : Aucun<\/strong><\/p>\t\t\t\t\t\t\t\t<\/div>\n\t\t\t\t<\/div>\n\t\t\t\t\t<\/div>\n\t\t<\/div>\n\t\t\t\t\t<\/div>\n\t\t<\/section>\n\t\t\t\t<section class=\"elementor-section elementor-inner-section elementor-element elementor-element-08f2259 elementor-section-full_width elementor-section-content-middle elementor-section-height-default elementor-section-height-default\" data-id=\"08f2259\" data-element_type=\"section\" data-e-type=\"section\">\n\t\t\t\t\t\t<div class=\"elementor-container elementor-column-gap-default\">\n\t\t\t\t\t<div class=\"elementor-column elementor-col-50 elementor-inner-column elementor-element elementor-element-efc0a4a elementor-hidden-mobile\" data-id=\"efc0a4a\" data-element_type=\"column\" data-e-type=\"column\">\n\t\t\t<div class=\"elementor-widget-wrap\">\n\t\t\t\t\t\t\t<\/div>\n\t\t<\/div>\n\t\t\t\t<div class=\"elementor-column elementor-col-50 elementor-inner-column elementor-element elementor-element-0e203bd\" data-id=\"0e203bd\" data-element_type=\"column\" data-e-type=\"column\">\n\t\t\t<div class=\"elementor-widget-wrap elementor-element-populated\">\n\t\t\t\t\t\t<div class=\"elementor-element elementor-element-3dd7e55 elementor-widget elementor-widget-html\" data-id=\"3dd7e55\" data-element_type=\"widget\" data-e-type=\"widget\" data-widget_type=\"html.default\">\n\t\t\t\t<div class=\"elementor-widget-container\">\n\t\t\t\t\t<iframe width=\"560\" height=\"315\" src=\"https:\/\/www.youtube.com\/embed\/DcQrMumeQC0\" title=\"YouTube video player\" frameborder=\"0\" allow=\"accelerometer; autoplay; clipboard-write; encrypted-media; gyroscope; picture-in-picture\" allowfullscreen><\/iframe>\t\t\t\t<\/div>\n\t\t\t\t<\/div>\n\t\t\t\t\t<\/div>\n\t\t<\/div>\n\t\t\t\t\t<\/div>\n\t\t<\/section>\n\t\t\t\t<section class=\"elementor-section elementor-inner-section elementor-element elementor-element-222d967 elementor-section-boxed elementor-section-height-default elementor-section-height-default\" data-id=\"222d967\" data-element_type=\"section\" data-e-type=\"section\">\n\t\t\t\t\t\t<div class=\"elementor-container elementor-column-gap-default\">\n\t\t\t\t\t<div class=\"elementor-column elementor-col-100 elementor-inner-column elementor-element elementor-element-6a1a639\" data-id=\"6a1a639\" data-element_type=\"column\" data-e-type=\"column\">\n\t\t\t<div class=\"elementor-widget-wrap elementor-element-populated\">\n\t\t\t\t\t\t<div class=\"elementor-element elementor-element-9886b7a elementor-position-inline-start elementor-widget__width-inherit elementor-view-default elementor-mobile-position-block-start elementor-widget elementor-widget-icon-box\" data-id=\"9886b7a\" data-element_type=\"widget\" data-e-type=\"widget\" data-widget_type=\"icon-box.default\">\n\t\t\t\t<div class=\"elementor-widget-container\">\n\t\t\t\t\t\t\t<div class=\"elementor-icon-box-wrapper\">\n\n\t\t\t\t\t\t<div class=\"elementor-icon-box-icon\">\n\t\t\t\t<span  class=\"elementor-icon\">\n\t\t\t\t<i aria-hidden=\"true\" class=\"fas fa-info-circle\"><\/i>\t\t\t\t<\/span>\n\t\t\t<\/div>\n\t\t\t\n\t\t\t\t\t\t<div class=\"elementor-icon-box-content\">\n\n\t\t\t\t\n\t\t\t\t\t\t\t\t\t<p class=\"elementor-icon-box-description\">\n\t\t\t\t\t\tPoint info\t\t\t\t\t<\/p>\n\t\t\t\t\n\t\t\t<\/div>\n\t\t\t\n\t\t<\/div>\n\t\t\t\t\t\t<\/div>\n\t\t\t\t<\/div>\n\t\t\t\t<div class=\"elementor-element elementor-element-a28822a elementor-widget elementor-widget-text-editor\" data-id=\"a28822a\" data-element_type=\"widget\" data-e-type=\"widget\" data-widget_type=\"text-editor.default\">\n\t\t\t\t<div class=\"elementor-widget-container\">\n\t\t\t\t\t\t\t\t\tPour toutes questions relatives aux dossiers de pr\u00e9paration, n&rsquo;h\u00e9sitez-pas \u00e0 contacter :\n<br>\nEric CHAIGNEAU\n<br>\nanimateur b\u00e9n\u00e9vole des Amis GRdistes.\n<br>\n<a href=\"mailto:assogr10@gmail.com\" target=\"_blank\" rel=\"noopener\">assogr10@gmail.com<\/a>\n<br>\ntel 06 83 61 48 49\t\t\t\t\t\t\t\t<\/div>\n\t\t\t\t<\/div>\n\t\t\t\t\t<\/div>\n\t\t<\/div>\n\t\t\t\t\t<\/div>\n\t\t<\/section>\n\t\t\t\t\t<\/div>\n\t\t<\/div>\n\t\t\t\t\t<\/div>\n\t\t<\/section>\n\t\t\t\t<\/div>\n\t\t","protected":false},"excerpt":{"rendered":"<p>Le Gypa\u00e8te Barbu casseur d&rsquo;os Le gypa\u00e8te barbu est le plus grand vautour de la faune europ\u00e9enne (3m d&rsquo;envergure). Les 3\/4 de la nourriture du gypa\u00e8te sont constitu\u00e9s d&rsquo;os et de ligaments. Cette ressource alimentaire peut para\u00eetre peu nourrissante \u00e0 premi\u00e8re vue, n\u00e9anmoins elle contient autant d&rsquo;\u00e9l\u00e9ments \u00e9nerg\u00e9tiques que la viande. De plus, elle poss\u00e8de&#8230;<\/p>\n","protected":false},"author":3,"featured_media":3604,"parent":0,"menu_order":0,"comment_status":"closed","ping_status":"closed","template":"elementor_theme","meta":{"_acf_changed":false,"_kad_post_transparent":"","_kad_post_title":"hide","_kad_post_layout":"right","_kad_post_sidebar_id":"","_kad_post_content_style":"unboxed","_kad_post_vertical_padding":"hide","_kad_post_feature":"hide","_kad_post_feature_position":"","_kad_post_header":false,"_kad_post_footer":false,"footnotes":""},"categories":[18,26],"tags":[],"class_list":["post-3603","page","type-page","status-publish","has-post-thumbnail","hentry","category-dossier-de-preparation","category-faune-et-la-flore"],"acf":[],"yoast_head":"<!-- This site is optimized with the Yoast SEO plugin v27.3 - https:\/\/yoast.com\/product\/yoast-seo-wordpress\/ -->\n<title>Le Gypa\u00e8te Barbu - GR10 - La grande travers\u00e9e des Pyr\u00e9n\u00e9es<\/title>\n<meta name=\"robots\" content=\"index, follow, max-snippet:-1, max-image-preview:large, max-video-preview:-1\" \/>\n<link rel=\"canonical\" href=\"https:\/\/gr10.org\/index.php\/le-gypaete-barbu\/\" \/>\n<meta property=\"og:locale\" content=\"fr_FR\" \/>\n<meta property=\"og:type\" content=\"article\" \/>\n<meta property=\"og:title\" content=\"Le Gypa\u00e8te Barbu - GR10 - La grande travers\u00e9e des Pyr\u00e9n\u00e9es\" \/>\n<meta property=\"og:description\" content=\"Le Gypa\u00e8te Barbu casseur d&rsquo;os Le gypa\u00e8te barbu est le plus grand vautour de la faune europ\u00e9enne (3m d&rsquo;envergure). Les 3\/4 de la nourriture du gypa\u00e8te sont constitu\u00e9s d&rsquo;os et de ligaments. Cette ressource alimentaire peut para\u00eetre peu nourrissante \u00e0 premi\u00e8re vue, n\u00e9anmoins elle contient autant d&rsquo;\u00e9l\u00e9ments \u00e9nerg\u00e9tiques que la viande. De plus, elle poss\u00e8de...\" \/>\n<meta property=\"og:url\" content=\"https:\/\/gr10.org\/index.php\/le-gypaete-barbu\/\" \/>\n<meta property=\"og:site_name\" content=\"GR10 - La grande travers\u00e9e des Pyr\u00e9n\u00e9es\" \/>\n<meta property=\"article:modified_time\" content=\"2023-10-19T21:13:08+00:00\" \/>\n<meta property=\"og:image\" content=\"https:\/\/gr10.org\/wp-content\/uploads\/2022\/03\/Le-Gypaete-Barbu.jpg\" \/>\n\t<meta property=\"og:image:width\" content=\"960\" \/>\n\t<meta property=\"og:image:height\" content=\"640\" \/>\n\t<meta property=\"og:image:type\" content=\"image\/jpeg\" \/>\n<meta name=\"twitter:card\" content=\"summary_large_image\" \/>\n<meta name=\"twitter:label1\" content=\"Dur\u00e9e de lecture estim\u00e9e\" \/>\n\t<meta name=\"twitter:data1\" content=\"2 minutes\" \/>\n<script type=\"application\/ld+json\" class=\"yoast-schema-graph\">{\"@context\":\"https:\\\/\\\/schema.org\",\"@graph\":[{\"@type\":\"WebPage\",\"@id\":\"https:\\\/\\\/gr10.org\\\/index.php\\\/le-gypaete-barbu\\\/\",\"url\":\"https:\\\/\\\/gr10.org\\\/index.php\\\/le-gypaete-barbu\\\/\",\"name\":\"Le Gypa\u00e8te Barbu - GR10 - La grande travers\u00e9e des Pyr\u00e9n\u00e9es\",\"isPartOf\":{\"@id\":\"https:\\\/\\\/gr10.org\\\/#website\"},\"primaryImageOfPage\":{\"@id\":\"https:\\\/\\\/gr10.org\\\/index.php\\\/le-gypaete-barbu\\\/#primaryimage\"},\"image\":{\"@id\":\"https:\\\/\\\/gr10.org\\\/index.php\\\/le-gypaete-barbu\\\/#primaryimage\"},\"thumbnailUrl\":\"https:\\\/\\\/gr10.org\\\/wp-content\\\/uploads\\\/2022\\\/03\\\/Le-Gypaete-Barbu.jpg\",\"datePublished\":\"2022-04-06T13:02:57+00:00\",\"dateModified\":\"2023-10-19T21:13:08+00:00\",\"breadcrumb\":{\"@id\":\"https:\\\/\\\/gr10.org\\\/index.php\\\/le-gypaete-barbu\\\/#breadcrumb\"},\"inLanguage\":\"fr-FR\",\"potentialAction\":[{\"@type\":\"ReadAction\",\"target\":[\"https:\\\/\\\/gr10.org\\\/index.php\\\/le-gypaete-barbu\\\/\"]}]},{\"@type\":\"ImageObject\",\"inLanguage\":\"fr-FR\",\"@id\":\"https:\\\/\\\/gr10.org\\\/index.php\\\/le-gypaete-barbu\\\/#primaryimage\",\"url\":\"https:\\\/\\\/gr10.org\\\/wp-content\\\/uploads\\\/2022\\\/03\\\/Le-Gypaete-Barbu.jpg\",\"contentUrl\":\"https:\\\/\\\/gr10.org\\\/wp-content\\\/uploads\\\/2022\\\/03\\\/Le-Gypaete-Barbu.jpg\",\"width\":960,\"height\":640,\"caption\":\"Le Gypa\u00e8te Barbu\"},{\"@type\":\"BreadcrumbList\",\"@id\":\"https:\\\/\\\/gr10.org\\\/index.php\\\/le-gypaete-barbu\\\/#breadcrumb\",\"itemListElement\":[{\"@type\":\"ListItem\",\"position\":1,\"name\":\"Accueil\",\"item\":\"https:\\\/\\\/gr10.org\\\/\"},{\"@type\":\"ListItem\",\"position\":2,\"name\":\"Le Gypa\u00e8te Barbu\"}]},{\"@type\":\"WebSite\",\"@id\":\"https:\\\/\\\/gr10.org\\\/#website\",\"url\":\"https:\\\/\\\/gr10.org\\\/\",\"name\":\"GR10 - La grande travers\u00e9e des Pyr\u00e9n\u00e9es\",\"description\":\"La grande aventure de la travers\u00e9e des Pyr\u00e9n\u00e9es via le gr10, vous en avez r\u00eav\u00e9? Alors, faite-la! Ce site vous aidera \u00e0 r\u00e9aliser votre aventure.\",\"potentialAction\":[{\"@type\":\"SearchAction\",\"target\":{\"@type\":\"EntryPoint\",\"urlTemplate\":\"https:\\\/\\\/gr10.org\\\/?s={search_term_string}\"},\"query-input\":{\"@type\":\"PropertyValueSpecification\",\"valueRequired\":true,\"valueName\":\"search_term_string\"}}],\"inLanguage\":\"fr-FR\"}]}<\/script>\n<!-- \/ Yoast SEO plugin. -->","yoast_head_json":{"title":"Le Gypa\u00e8te Barbu - GR10 - La grande travers\u00e9e des Pyr\u00e9n\u00e9es","robots":{"index":"index","follow":"follow","max-snippet":"max-snippet:-1","max-image-preview":"max-image-preview:large","max-video-preview":"max-video-preview:-1"},"canonical":"https:\/\/gr10.org\/index.php\/le-gypaete-barbu\/","og_locale":"fr_FR","og_type":"article","og_title":"Le Gypa\u00e8te Barbu - GR10 - La grande travers\u00e9e des Pyr\u00e9n\u00e9es","og_description":"Le Gypa\u00e8te Barbu casseur d&rsquo;os Le gypa\u00e8te barbu est le plus grand vautour de la faune europ\u00e9enne (3m d&rsquo;envergure). Les 3\/4 de la nourriture du gypa\u00e8te sont constitu\u00e9s d&rsquo;os et de ligaments. Cette ressource alimentaire peut para\u00eetre peu nourrissante \u00e0 premi\u00e8re vue, n\u00e9anmoins elle contient autant d&rsquo;\u00e9l\u00e9ments \u00e9nerg\u00e9tiques que la viande. De plus, elle poss\u00e8de...","og_url":"https:\/\/gr10.org\/index.php\/le-gypaete-barbu\/","og_site_name":"GR10 - La grande travers\u00e9e des Pyr\u00e9n\u00e9es","article_modified_time":"2023-10-19T21:13:08+00:00","og_image":[{"width":960,"height":640,"url":"https:\/\/gr10.org\/wp-content\/uploads\/2022\/03\/Le-Gypaete-Barbu.jpg","type":"image\/jpeg"}],"twitter_card":"summary_large_image","twitter_misc":{"Dur\u00e9e de lecture estim\u00e9e":"2 minutes"},"schema":{"@context":"https:\/\/schema.org","@graph":[{"@type":"WebPage","@id":"https:\/\/gr10.org\/index.php\/le-gypaete-barbu\/","url":"https:\/\/gr10.org\/index.php\/le-gypaete-barbu\/","name":"Le Gypa\u00e8te Barbu - GR10 - La grande travers\u00e9e des Pyr\u00e9n\u00e9es","isPartOf":{"@id":"https:\/\/gr10.org\/#website"},"primaryImageOfPage":{"@id":"https:\/\/gr10.org\/index.php\/le-gypaete-barbu\/#primaryimage"},"image":{"@id":"https:\/\/gr10.org\/index.php\/le-gypaete-barbu\/#primaryimage"},"thumbnailUrl":"https:\/\/gr10.org\/wp-content\/uploads\/2022\/03\/Le-Gypaete-Barbu.jpg","datePublished":"2022-04-06T13:02:57+00:00","dateModified":"2023-10-19T21:13:08+00:00","breadcrumb":{"@id":"https:\/\/gr10.org\/index.php\/le-gypaete-barbu\/#breadcrumb"},"inLanguage":"fr-FR","potentialAction":[{"@type":"ReadAction","target":["https:\/\/gr10.org\/index.php\/le-gypaete-barbu\/"]}]},{"@type":"ImageObject","inLanguage":"fr-FR","@id":"https:\/\/gr10.org\/index.php\/le-gypaete-barbu\/#primaryimage","url":"https:\/\/gr10.org\/wp-content\/uploads\/2022\/03\/Le-Gypaete-Barbu.jpg","contentUrl":"https:\/\/gr10.org\/wp-content\/uploads\/2022\/03\/Le-Gypaete-Barbu.jpg","width":960,"height":640,"caption":"Le Gypa\u00e8te Barbu"},{"@type":"BreadcrumbList","@id":"https:\/\/gr10.org\/index.php\/le-gypaete-barbu\/#breadcrumb","itemListElement":[{"@type":"ListItem","position":1,"name":"Accueil","item":"https:\/\/gr10.org\/"},{"@type":"ListItem","position":2,"name":"Le Gypa\u00e8te Barbu"}]},{"@type":"WebSite","@id":"https:\/\/gr10.org\/#website","url":"https:\/\/gr10.org\/","name":"GR10 - La grande travers\u00e9e des Pyr\u00e9n\u00e9es","description":"La grande aventure de la travers\u00e9e des Pyr\u00e9n\u00e9es via le gr10, vous en avez r\u00eav\u00e9? Alors, faite-la! Ce site vous aidera \u00e0 r\u00e9aliser votre aventure.","potentialAction":[{"@type":"SearchAction","target":{"@type":"EntryPoint","urlTemplate":"https:\/\/gr10.org\/?s={search_term_string}"},"query-input":{"@type":"PropertyValueSpecification","valueRequired":true,"valueName":"search_term_string"}}],"inLanguage":"fr-FR"}]}},"_links":{"self":[{"href":"https:\/\/gr10.org\/index.php\/wp-json\/wp\/v2\/pages\/3603","targetHints":{"allow":["GET"]}}],"collection":[{"href":"https:\/\/gr10.org\/index.php\/wp-json\/wp\/v2\/pages"}],"about":[{"href":"https:\/\/gr10.org\/index.php\/wp-json\/wp\/v2\/types\/page"}],"author":[{"embeddable":true,"href":"https:\/\/gr10.org\/index.php\/wp-json\/wp\/v2\/users\/3"}],"replies":[{"embeddable":true,"href":"https:\/\/gr10.org\/index.php\/wp-json\/wp\/v2\/comments?post=3603"}],"version-history":[{"count":8,"href":"https:\/\/gr10.org\/index.php\/wp-json\/wp\/v2\/pages\/3603\/revisions"}],"predecessor-version":[{"id":12644,"href":"https:\/\/gr10.org\/index.php\/wp-json\/wp\/v2\/pages\/3603\/revisions\/12644"}],"wp:featuredmedia":[{"embeddable":true,"href":"https:\/\/gr10.org\/index.php\/wp-json\/wp\/v2\/media\/3604"}],"wp:attachment":[{"href":"https:\/\/gr10.org\/index.php\/wp-json\/wp\/v2\/media?parent=3603"}],"wp:term":[{"taxonomy":"category","embeddable":true,"href":"https:\/\/gr10.org\/index.php\/wp-json\/wp\/v2\/categories?post=3603"},{"taxonomy":"post_tag","embeddable":true,"href":"https:\/\/gr10.org\/index.php\/wp-json\/wp\/v2\/tags?post=3603"}],"curies":[{"name":"wp","href":"https:\/\/api.w.org\/{rel}","templated":true}]}}